12249 + 18816. What are the prime factors of b?
3, 11, 199
List the prime factors of 0 + (193 - (11 + -7 + 3)).
2, 3, 31
Let o(p) = 4*p**2 + 62*p - 1098. What are the prime factors of o(65)?
2, 37, 67
Let k = -1877 - -786. Let z = k - -2247. List the prime factors of z.
2, 17
Suppose -g + 26*v = 30*v - 13579, 3*g - 3*v = 40662. What are the prime factors of g?
7, 13, 149
Suppose 3*x = -b + 95, -28 = -5*x + 5*b + 97. Suppose -2*a = -3*p + 2607, -25*a + x*a = -15. What are the prime factors of p?
3, 17
Let o = 11142 + -10989. Let t(x) = x**3 + 5*x**2 + 4*x + 2. Let i be t(-2). Suppose 0 = 3*v + i*v - o. List the prime factors of v.
17
Suppose 4*j + 4*g = -1556, -g + 1933 = -5*j - 0*g. Let k = 50 - j. Suppose -5*n - m = -4*n - 147, 3*n = m + k. List the prime factors of n.
2, 73
Let v(a) = 646*a + 2. Let q be v(1). Let r = q - 12. List the prime factors of r.
2, 3, 53
List the prime factors of (-11)/((-770)/23338)*20.
2, 1667
Let k(z) = 12*z + 14. Let d(g) = 6*g + 7. Let y(f) = -11*d(f) + 6*k(f). Let s be y(0). What are the prime factors of 2/s + (-6)/42*-47?
7
Let m = 1994 - 872. List the prime factors of m.
2, 3, 11, 17
Let h = 3750 - 1490. Suppose 11*y - h = -16. List the prime factors of y.
2, 3, 17
Let n be 1*1/3*(-13 - 5). What are the prime factors of (-1203)/((36/6)/n + -2)?
401
Let k = -385 - -387. Suppose -8 = -2*t, 8*t = k*q + 3*t - 1080. List the prime factors of q.
2, 5, 11
Let x = 24243 + 4722. What are the prime factors of x?
3, 5, 1931
Suppose -62*o - 3098 = -63*o. List the prime factors of o.
2, 1549
Suppose 1424481 + 144534 = 51*a. List the prime factors of a.
3, 5, 7, 293
Let f(d) = 553*d**2 - 9*d + 14. List the prime factors of f(4).
2, 3, 1471
Let b be 496/(-6) - 1/3. Let h = -888 - -1050. Let a = b + h. List the prime factors of a.
79
Let c be (-24)/((-9)/(-63) + 43/(-203)). Let j = 58 + c. What are the prime factors of j?
2, 7, 29
Suppose 12*b - 4227 = -87. Let f = b - 237. Suppose -3*a + s + f = -128, 0 = -2*a - 3*s + 161. List the prime factors of a.
79
List the prime factors of (-325898)/(-10) - (4/(-10))/(31/(-62)).
3, 17, 71
Let m = -13463 - -33140. What are the prime factors of m?
3, 7, 937
Let b = 16980 + -13626. List the prime factors of b.
2, 3, 13, 43
List the prime factors of 15/21 + (-3678224)/(-112).
2, 16421
Suppose -5*j = -2*m - 30, 0*m - 5 = m. Suppose j*l + 5*y - 1017 = l, -3*y - 9 = 0. Suppose 8*x = 12*x - l. List the prime factors of x.
2, 43
Let n = 9 - 8. Suppose n = -b + 35. Suppose -b = -t + 45. List the prime factors of t.
79
Let f = -396 - -398. Suppose o - f*j - 827 = 3*j, 4*o + 2*j - 3242 = 0. List the prime factors of o.
2, 7, 29
Suppose 194038 + 266527 = 39*b - 4*b. List the prime factors of b.
13159
Let s(w) = -2*w**2 - 12*w + 7. Let p be s(-7). Let g be -2*4/(p + -1)*6. List the prime factors of 4/g - (-2065)/21.
3, 11
Let o(v) = -v**3 - 14*v - v - 11 - 3*v**2 + 8*v. List the prime factors of o(-9).
2, 269
Suppose -2*j = -3*f + 2920, 11*j - 7*j = 28. List the prime factors of f.
2, 3, 163
Let z(f) = 71*f + 97*f + 11*f - 47*f + 150 - 434. List the prime factors of z(7).
2, 5
Let a = 59794 - 29007. What are the prime factors of a?
17, 1811
Let a be 2/4*-6 + -1. Let s be 2/3*(-66)/a. Suppose -o + s = j, o - 5*j - 10 = 19. List the prime factors of o.
2, 7
Let v be (19 - 20)/(1/(-2)). Let j be (-2)/(v/(-12)*3) + 0. Suppose 3*t - 54 = t - j*n, -23 = -t - 3*n. What are the prime factors of t?
5, 7
Let o be (-2)/10 - (-24)/20. Let p be 3*o/(-6)*4. What are the prime factors of (-78)/(-4 - ((-18)/p)/(-3))?
2, 3, 13
Let q be (4*(0 - -1))/(-2). Suppose 8*f + 3 = -5. List the prime factors of -4 + (-91)/q*(1 - f).
3, 29
Suppose -7*j = 2*k - 59743, 4*k + 5*j - 119381 = 6*j. List the prime factors of k.
3, 9949
Let m = 87 - 42. Suppose -m + 29 = -4*b. Suppose 10*u = b*u + 276. List the prime factors of u.
2, 23
Let x = -1265 - -2142. Suppose -4*j + x = -391. What are the prime factors of j?
317
Let p be 32298/10 + 15/(1050/(-56)). Suppose 5*x = -3*d + 3226, 4*d - 2*d = -5*x + p. What are the prime factors of x?
647
Suppose 3*m = 5*v - 29, -4*m - v - 10 = -2. Let h be (21/35)/(m/(-10)). List the prime factors of h/4*-2*-82.
2, 41
Suppose 4*m + 5*z - 37220 = 0, -10*z + 18592 = 2*m - 3*z. List the prime factors of m.
2, 5, 7, 19
Let q(n) = 5*n - 11. Let u be q(1). What are the prime factors of ((-40)/u)/(-10) + 280/6?
2, 23
Suppose -4*z - o = -122424, 0 = 147*o - 143*o + 32. What are the prime factors of z?
2, 1913
Let c = -42 + 44. Suppose -c*b + 123 - 31 = 0. Suppose -5*t = -3*z + 2*z + 11, -2*z + 4*t = -b. List the prime factors of z.
31
Let i(p) = -271*p + 2585. List the prime factors of i(-121).
2, 3, 11, 67
Let v be 156/(4 + 2) - -4. What are the prime factors of ((-1626)/(-9) - -1)/(10/v)?
5, 109
Suppose 4*b + 0*b = -288. What are the prime factors of (-8)/(b/195)*3?
5, 13
Suppose 133*q + 57304 = 135*q - 2*f, -143258 = -5*q + 3*f. What are the prime factors of q?
7, 4093
Suppose w + 4*n - 456 = -0*w, 5*n + 1719 = 4*w. Suppose -2616 = -4*m - w. What are the prime factors of m?
5, 109
Let k = 10211 - -3818. List the prime factors of k.
14029
Let x(m) = m**3 + 34*m**2 - 54*m - 340. List the prime factors of x(-9).
13, 167
Let q(r) = -564*r - 683. What are the prime factors of q(-19)?
79, 127
List the prime factors of 257587/(-88)*-5 - (3/(-8) + 0).
2, 3659
Let j(s) = 58*s**2 + 71*s - 31. What are the prime factors of j(-13)?
2, 7, 79
Suppose 0 = 6*z - 52 - 20. Suppose -2*a - z = -10. What are the prime factors of (1/(-3))/(a/177)?
59
Let v be 7/(210/26) - 4/(-30). Let b(i) = i**2 - i + 1. Let w(n) = -105*n**2 + 8*n - 7. Let t(k) = -4*b(k) - w(k). What are the prime factors of t(v)?
2, 5
List the prime factors of (-486)/27*((-2)/6)/((-4)/(-4026)).
3, 11, 61
Suppose -135*q + 502920 + 262260 = 0. What are the prime factors of q?
2, 13, 109
Let t(h) = -2*h + 1. Let y(n) = -n. Let k(x) = -3*t(x) + 5*y(x). Let q be k(7). Suppose 0 = q*w - 5*a - 240, 2*w = 4*a + 82 + 38. List the prime factors of w.
2, 3, 5
Let o be (1/1)/((-1)/(-4)). Let m(s) = -46*s**2 - 20*s + 3. Let g(t) = 30*t**2 + 12*t - 2. Let i(a) = 8*g(a) + 5*m(a). List the prime factors of i(o).
11, 13
Suppose -4*s = -2*a + 4, 20 = 4*a - 2*s - 0. Suppose 0 = -g + 3, 2*i + 630 = a*i - 2*g. What are the prime factors of i?
3, 53
Suppose -38*w - 1 = -37*w - 5*n, -2*n = 3*w - 31. Suppose 2*d + 2*d = -180. What are the prime factors of 1/(-3)*(w + 2)*d?
3, 5, 11
Let w be 5 + (12/8)/((-6)/8). Suppose -2*x - 697 = -w*l + 1508, 2*x + 3*l = -2211. What are the prime factors of 5/(-2)*x/60 - -3?
7
Let d(x) be the first derivative of x**2/2 + 20*x - 1. Let p = -101 - -96. What are the prime factors of d(p)?
3, 5
Let j(d) = 81*d**2 + 18*d - 382. List the prime factors of j(16).
2, 10321
Let d = 11381 - 10516. What are the prime factors of d?
5, 173
List the prime factors of ((-10)/(-115) - (-158728)/736)*12.
3, 863
Let c(z) be the first derivative of -z**4/4 + 7*z**3 + 11*z**2 + 22*z + 46. Let u be c(22). Suppose -25*s + u*s = -750. What are the prime factors of s?
2, 5
Suppose 0 = 24*j - 620 + 2012. Let m be (-1210)/15 + 1/(-3). Let i = j - m. List the prime factors of i.
23
Suppose -y + 5*u - 15 - 9 = 0, -2*u = -3*y - 33. Let t(w) = w**3 + 8*w**2 - 10*w + 7. Let o be t(y). Suppose -g + 194 = -o. What are the prime factors of g?
2, 3, 5, 7
List the prime factors of ((-3)/4*97331/39)/((-7)/28).
7487
Suppose -16689 = -3*k + 4*j, -6714 - 4398 = -2*k - 2*j. What are the prime factors of k?
3, 17, 109
Suppose 0 = -11*o - 942 + 403. Let z = o - -313. What are the prime factors of z?
2, 3, 11
Let w = -1274 - -1880. What are the prime factors of w?
2, 3, 101
What are the prime factors of (58036/(-10))/((-45)/((-4950)/(-44)))?
11, 1319
Let s be -4 + -27 + -3 + -1. Let w be 468/(-13)*s/4. Suppose -10*d - w = -15*d. List the prime factors of d.
3, 7
Suppose 0*u = -u - 2*k + 59, 0 = 2*u - 5*k - 91. Suppose 149 = 3*j + u. Let c = 39 + j. List the prime factors of c.
71
Let s be -1045 + 0 + (-245)/(-35). Let y = 1804 + s. List the prime factors of y.
2, 383
Suppose -452*s - 1720730 = -507*s. What are the prime factors of s?
2, 15643
Let l(p) = 2573*p + 44. What are the prime factors of l(2)?
2, 3, 5, 173
Let h(a) = 7*a**2 - 54*a - 27. List the prime factors of h(-17).
2, 